 prime factors of 133637?
7, 17, 1123
What are the prime factors of 368?
2, 23
What are the prime factors of 2562?
2, 3, 7, 61
List the prime factors of 2128.
2, 7, 19
What are the prime factors of 636?
2, 3, 53
List the prime factors of 18705.
3, 5, 29, 43
List the prime factors of 11032.
2, 7, 197
List the prime factors of 32300.
2, 5, 17, 19
What are the prime factors of 58510?
2, 5, 5851
List the prime factors of 43.
43
What are the prime factors of 48813?
3, 53, 307
What are the prime factors of 10407?
3, 3469
What are the prime factors of 785?
5, 157
List the prime factors of 5989.
53, 113
What are the prime factors of 35221?
35221
List the prime factors of 1684.
2, 421
List the prime factors of 1942.
2, 971
List the prime factors of 95961.
3, 29, 1103
What are the prime factors of 93546?
2, 3, 5197
What are the prime factors of 1411?
17, 83
What are the prime factors of 1297?
1297
List the prime factors of 3948.
2, 3, 7, 47
What are the prime factors of 26947?
26947
List the prime factors of 6802.
2, 19, 179
List the prime factors of 110447.
19, 5813
List the prime factors of 1598.
2, 17, 47
What are the prime factors of 6359?
6359
List the prime factors of 1848.
2, 3, 7, 11
What are the prime factors of 7689?
3, 11, 233
List the prime factors of 600.
2, 3, 5
What are the prime factors of 2971?
2971
What are the prime factors of 2336?
2, 73
What are the prime factors of 3937?
31, 127
What are the prime factors of 4710?
2, 3, 5, 157
What are the prime factors of 871?
13, 67
List the prime factors of 98896.
2, 7, 883
What are the prime factors of 3383?
17, 199
List the prime factors of 58.
2, 29
What are the prime factors of 469?
7, 67
List the prime factors of 5890.
2, 5, 19, 31
List the prime factors of 129046.
2, 113, 571
What are the prime factors of 5356?
2, 13, 103
What are the prime factors of 66504?
2, 3, 17, 163
List the prime factors of 1971.
3, 73
List the prime factors of 606.
2, 3, 101
List the prime factors of 12653.
12653
List the prime factors of 8152.
2, 1019
What are the prime factors of 164?
2, 41
What are the prime factors of 47862?
2, 3, 2659
What are the prime factors of 10721?
71, 151
List the prime factors of 16510.
2, 5, 13, 127
What are the prime factors of 528?
2, 3, 11
What are the prime factors of 2886?
2, 3, 13, 37
List the prime factors of 12556.
2, 43, 73
List the prime factors of 3223.
11, 293
List the prime factors of 3989.
3989
List the prime factors of 69397.
29, 2393
List the prime factors of 26151.
3, 23, 379
What are the prime factors of 1088?
2, 17
What are the prime factors of 113060?
2, 5, 5653
List the prime factors of 14425.
5, 577
List the prime factors of 69703.
43, 1621
What are the prime factors of 81802?
2, 7, 5843
What are the prime factors of 10779?
3, 3593
List the prime factors of 1997.
1997
What are the prime factors of 94?
2, 47
List the prime factors of 75.
3, 5
What are the prime factors of 5940?
2, 3, 5, 11
List the prime factors of 3463.
3463
What are the prime factors of 5046?
2, 3, 29
What are the prime factors of 58372?
2, 14593
What are the prime factors of 6613?
17, 389
What are the prime factors of 2692?
2, 673
List the prime factors of 89444.
2, 59, 379
List the prime factors of 1664.
2, 13
List the prime factors of 851.
23, 37
List the prime factors of 3422.
2, 29, 59
What are the prime factors of 245?
5, 7
What are the prime factors of 303?
3, 101
List the prime factors of 10417.
11, 947
What are the prime factors of 315?
3, 5, 7
What are the prime factors of 11850?
2, 3, 5, 79
List the prime factors of 623.
7, 89
What are the prime factors of 383?
383
List the prime factors of 2158.
2, 13, 83
What are the prime factors of 787?
787
List the prime factors of 8531.
19, 449
List the prime factors of 12132.
2, 3, 337
What are the prime factors of 902?
2, 11, 41
What are the prime factors of 323?
17, 19
What are the prime factors of 2451?
3, 19, 43
What are the prime factors of 2997?
3, 37
What are the prime factors of 4174?
2, 2087
What are the prime factors of 1656?
2, 3, 23
List the prime factors of 911.
911
What are the prime factors of 37349?
13, 17
What are the prime factors of 57232?
2, 7, 73
List the prime factors of 17875.
5, 11, 13
List the prime factors of 96847.
96847
What are the prime factors of 456?
2, 3, 19
What are the prime factors of 38083?
38083
List the prime factors of 659.
659
What are the prime factors of 37764?
2, 3, 1049
What are the prime factors of 26926?
2, 13463
What are the prime factors of 34011?
3, 3779
List the prime factors of 1277.
1277
List the prime factors of 21297.
3, 31, 229
List the prime factors of 889.
7, 127
What are the prime factors of 3584?
2, 7
What are the prime factors of 16163?
7, 2309
What are the prime factors of 2449?
31, 79
What are the prime factors of 5548?
2, 19, 73
What are the prime factors of 41290?
2, 5, 4129
List the prime factors of 64728.
2, 3, 29, 31
What are the prime factors of 5?
5
List the prime factors of 21444.
2, 3, 1787
List the prime factors of 25584.
2, 3, 13, 41
List the prime factors of 1136.
2, 71
List the prime factors of 68685.
3, 5, 19, 241
List the prime factors of 1657.
1657
List the prime factors of 233.
233
List the prime factors of 175687.
175687
What are the prime factors of 2561?
13, 197
List the prime factors of 16225.
5, 11, 59
List the prime factors of 3679.
13, 283
What are the prime factors of 6292?
2, 11, 13
What are the prime factors of 4157?
4157
What are the prime factors of 894?
2, 3, 149
What are the prime factors of 12543?
3, 37, 113
What are the prime factors of 5070?
2, 3, 5, 13
List the prime factors of 3421.
11, 311
List the prime factors of 46132.
2, 19, 607
List the prime factors of 168.
2, 3, 7
What are the prime factors of 208489?
208489
What are the prime factors of 42465?
3, 5, 19, 149
What are the prime factors of 519?
3, 173
What are the prime factors of 4645?
5, 929
What are the prime factors of 592?
2, 37
What are the prime factors of 1359?
3, 151
List the prime factors of 4619.
31, 149
What are the prime factors of 16320?
2, 3, 5, 17
What are the prime factors of 5950?
2, 5, 7, 17
What are the prime factors of 4073?
4073
What are the prime factors of 2472?
2, 3, 103
What are the prime factors of 12374?
2, 23, 269
List the prime factors of 135052.
2, 19, 1777
What are the prime factors of 96115?
5, 47, 409
List the prime factors of 392.
2, 7
What are the prime factors of 16965?
3, 5, 13, 29
List the prime factors of 435.
3, 5, 29
List the prime factors of 25648.
2, 7, 229
What are the prime factors of 521?
521
What are the prime factors of 6200?
2, 5, 31
What are the prime factors of 4241?
4241
What are the prime factors of 1089?
3, 11
List the prime factors of 22494.
2, 3, 23, 163
What are the prime factors of 2215?
5, 443
List the prime factors of 6081.
3, 2027
What are the prime factors of 66172?
2, 71, 233
List the prime factors of 3404.
2, 23, 37
What are the prime factors of 29748?
2, 3, 37, 67
What are the prime factors of 2515?
5, 503
What are the prime factors of 5301?
3, 19, 31
What are the prime factors of 685?
5, 137
What are the prime factors of 87358?
2, 31, 1409
What are the prime factors of 3088?
2, 193
What are the prime factors of 13537?
13537
List the prime factors of 2987.
29, 103
What are the prime factors of 16426?
2, 43, 191
What are the prime factors of 148251?
3, 49417
What are the prime factors of 31616?
2, 13, 19
What are the prime factors of 3380?
2, 5, 13
What are the prime factors of 111?
3, 37
List the prime factors of 875.
5, 7
What are the prime factors of 710?
2, 5, 71
What are the prime factors of 888?
2, 3, 37
List the prime factors of 839.
839
List the prime factors of 4066.
2, 19, 107
List the prime factors of 3617.
3617
List the prime factors of 5736.
2, 3, 239
List the prime factors of 853.
853
List the prime factors of 28412.
2, 7103
What are the prime factors of 1136?
2, 71
List the prime factors of 71069.
71069
What are the prime factors of 67964?
2, 13, 1307
What are the prime factors of 9980?
2, 5, 499
List the prime factors of 55323.
3, 683
List the prime factors of 30819.
3, 10273
List the prime factors of 2346.
2, 3, 17, 23
List the prime factors of 79305.
3, 5, 17, 311
What are the prime factors of 1643?
31, 5